{"id":1269,"date":"2019-07-10T10:09:36","date_gmt":"2019-07-10T08:09:36","guid":{"rendered":"https:\/\/villa-santanna.eu\/sp_chirurgiche\/chirurgia-estetica-e-plastica\/"},"modified":"2026-01-19T08:57:23","modified_gmt":"2026-01-19T07:57:23","slug":"aesthetische-plastische-chirurgie","status":"publish","type":"sp_chirurgiche","link":"https:\/\/villa-santanna.eu\/de\/chirurgische_eingriffe\/aesthetische-plastische-chirurgie\/","title":{"rendered":"Plastische, rekonstruktive und \u00e4sthetische Chirurgie"},"content":{"rendered":"[vc_row type=&#8220;in_container&#8220; full_screen_row_position=&#8220;middle&#8220; column_margin=&#8220;default&#8220; column_direction=&#8220;default&#8220; column_direction_tablet=&#8220;default&#8220; column_direction_phone=&#8220;default&#8220; scene_position=&#8220;center&#8220; top_padding=&#8220;5%&#8220; bottom_padding=&#8220;5%&#8220; text_color=&#8220;dark&#8220; text_align=&#8220;left&#8220; row_border_radius=&#8220;none&#8220; row_border_radius_applies=&#8220;bg&#8220; overflow=&#8220;visible&#8220; overlay_strength=&#8220;0.3&#8243; gradient_direction=&#8220;left_to_right&#8220; shape_divider_position=&#8220;bottom&#8220; bg_image_animation=&#8220;none&#8220; shape_type=&#8220;&#8220;][vc_column column_padding=&#8220;no-extra-padding&#8220; column_padding_tablet=&#8220;inherit&#8220; column_padding_phone=&#8220;inherit&#8220; column_padding_position=&#8220;all&#8220; column_element_direction_desktop=&#8220;default&#8220; column_element_spacing=&#8220;default&#8220; desktop_text_alignment=&#8220;default&#8220; tablet_text_alignment=&#8220;default&#8220; phone_text_alignment=&#8220;default&#8220; background_color_opacity=&#8220;1&#8243; background_hover_color_opacity=&#8220;1&#8243; column_backdrop_filter=&#8220;none&#8220; column_shadow=&#8220;none&#8220; column_border_radius=&#8220;none&#8220; column_link_target=&#8220;_self&#8220; column_position=&#8220;default&#8220; gradient_direction=&#8220;left_to_right&#8220; overlay_strength=&#8220;0.3&#8243; width=&#8220;1\/1&#8243; tablet_width_inherit=&#8220;default&#8220; animation_type=&#8220;default&#8220; bg_image_animation=&#8220;none&#8220; border_type=&#8220;simple&#8220; column_border_width=&#8220;none&#8220; column_border_style=&#8220;solid&#8220;][vc_row_inner column_margin=&#8220;default&#8220; column_direction=&#8220;default&#8220; column_direction_tablet=&#8220;default&#8220; column_direction_phone=&#8220;default&#8220; text_align=&#8220;left&#8220; row_position=&#8220;default&#8220; row_position_tablet=&#8220;inherit&#8220; row_position_phone=&#8220;inherit&#8220; overflow=&#8220;visible&#8220; pointer_events=&#8220;all&#8220;][vc_column_inner column_padding=&#8220;no-extra-padding&#8220; column_padding_tablet=&#8220;inherit&#8220; column_padding_phone=&#8220;inherit&#8220; column_padding_position=&#8220;all&#8220; column_element_direction_desktop=&#8220;default&#8220; column_element_spacing=&#8220;default&#8220; desktop_text_alignment=&#8220;default&#8220; tablet_text_alignment=&#8220;default&#8220; phone_text_alignment=&#8220;default&#8220; background_color_opacity=&#8220;1&#8243; background_hover_color_opacity=&#8220;1&#8243; column_backdrop_filter=&#8220;none&#8220; column_shadow=&#8220;none&#8220; column_border_radius=&#8220;none&#8220; column_link_target=&#8220;_self&#8220; overflow=&#8220;visible&#8220; gradient_direction=&#8220;left_to_right&#8220; overlay_strength=&#8220;0.3&#8243; width=&#8220;2\/5&#8243; tablet_width_inherit=&#8220;default&#8220; animation_type=&#8220;default&#8220; bg_image_animation=&#8220;none&#8220; border_type=&#8220;simple&#8220; column_border_width=&#8220;none&#8220; column_border_style=&#8220;solid&#8220;][vc_column_text css=&#8220;&#8220; text_direction=&#8220;default&#8220;]Nur wenn K\u00f6rper und Seele im Einklang sind, wirkt sich dies positiv auf das Selbstwertgef\u00fchl aus. Und damit auf die Lebensqualit\u00e4t. Wer sich innerlich und \u00e4u\u00dferlich wohl f\u00fchlt, stellt sich den t\u00e4glichen Herausforderungen mit neuer Energie. Die plastische Chirurgie und die \u00e4sthetische Medizin bieten heute eine gro\u00dfartige Unterst\u00fctzung auf dem Weg zu mehr Selbstbewusstsein und Wohlbefinden, der moderne Menschen dazu bringt, ihre Einzigartigkeit zu unterstreichen. Das Fach\u00e4rzteteam der Privatklinik St. Anna bringt umfassende Erfahrung an renommierten Kliniken mit und arbeitet mit hochmodernen, individuellen Techniken.[\/vc_column_text][\/vc_column_inner][vc_column_inner column_padding=&#8220;no-extra-padding&#8220; column_padding_tablet=&#8220;inherit&#8220; column_padding_phone=&#8220;inherit&#8220; column_padding_position=&#8220;all&#8220; column_element_direction_desktop=&#8220;default&#8220; column_element_spacing=&#8220;default&#8220; desktop_text_alignment=&#8220;default&#8220; tablet_text_alignment=&#8220;default&#8220; phone_text_alignment=&#8220;default&#8220; background_color_opacity=&#8220;1&#8243; background_hover_color_opacity=&#8220;1&#8243; column_backdrop_filter=&#8220;none&#8220; column_shadow=&#8220;none&#8220; column_border_radius=&#8220;none&#8220; column_link_target=&#8220;_self&#8220; overflow=&#8220;visible&#8220; gradient_direction=&#8220;left_to_right&#8220; overlay_strength=&#8220;0.3&#8243; width=&#8220;2\/5&#8243; tablet_width_inherit=&#8220;default&#8220; animation_type=&#8220;default&#8220; bg_image_animation=&#8220;none&#8220; border_type=&#8220;simple&#8220; column_border_width=&#8220;none&#8220; column_border_style=&#8220;solid&#8220;][vc_column_text css=&#8220;&#8220; text_direction=&#8220;default&#8220;]Bei allem steht ein nat\u00fcrliches, nachhaltiges, den Erwartungen entsprechendes Ergebnis im Fokus. Jedem Eingriff gehen eine sorgf\u00e4ltige Abw\u00e4gung und ein ausf\u00fchrliches Gespr\u00e4ch voraus, um die individuellen Bed\u00fcrfnisse zu verstehen und einen sicheren Weg zu finden. Sich in der eigenen Haut wohlzuf\u00fchlen ist kein Ideal, sondern ein Ziel. Mit Kompetenz, Engagement und Einf\u00fchlungsverm\u00f6gen k\u00f6nnen wir Ihnen helfen, es zu erreichen. High-Tech und Know-how f\u00fcr Wohlbefinden und Harmonie: Im Chirurgiezentrum St. Anna vereint die plastische Chirurgie \u00c4sthetik, Funktionalit\u00e4t und Sicherheit. Neben der Brust-, Gesichts- und K\u00f6rperchirurgie wird auch der post-onkologischen rekonstruktiven Brustchirurgie besondere Aufmerksamkeit gewidmet.[\/vc_column_text][\/vc_column_inner][vc_column_inner column_padding=&#8220;no-extra-padding&#8220; column_padding_tablet=&#8220;inherit&#8220; column_padding_phone=&#8220;inherit&#8220; column_padding_position=&#8220;all&#8220; column_element_direction_desktop=&#8220;default&#8220; column_element_spacing=&#8220;default&#8220; desktop_text_alignment=&#8220;default&#8220; tablet_text_alignment=&#8220;default&#8220; phone_text_alignment=&#8220;default&#8220; background_color_opacity=&#8220;1&#8243; background_hover_color_opacity=&#8220;1&#8243; column_backdrop_filter=&#8220;none&#8220; column_shadow=&#8220;none&#8220; column_border_radius=&#8220;none&#8220; column_link_target=&#8220;_self&#8220; overflow=&#8220;visible&#8220; gradient_direction=&#8220;left_to_right&#8220; overlay_strength=&#8220;0.3&#8243; width=&#8220;1\/5&#8243; tablet_width_inherit=&#8220;default&#8220; animation_type=&#8220;default&#8220; bg_image_animation=&#8220;none&#8220; border_type=&#8220;simple&#8220; column_border_width=&#8220;none&#8220; column_border_style=&#8220;solid&#8220;][\/vc_column_inner][\/vc_row_inner][\/vc_column][\/vc_row][vc_row type=&#8220;in_container&#8220; full_screen_row_position=&#8220;middle&#8220; column_margin=&#8220;default&#8220; column_direction=&#8220;default&#8220; column_direction_tablet=&#8220;default&#8220; column_direction_phone=&#8220;default&#8220; scene_position=&#8220;center&#8220; text_color=&#8220;dark&#8220; text_align=&#8220;left&#8220; row_border_radius=&#8220;none&#8220; row_border_radius_applies=&#8220;bg&#8220; overflow=&#8220;visible&#8220; overlay_strength=&#8220;0.3&#8243; gradient_direction=&#8220;left_to_right&#8220; shape_divider_position=&#8220;bottom&#8220; bg_image_animation=&#8220;none&#8220;][vc_column column_padding=&#8220;padding-5-percent&#8220; column_padding_tablet=&#8220;inherit&#8220; column_padding_phone=&#8220;inherit&#8220; column_padding_position=&#8220;all&#8220; column_element_direction_desktop=&#8220;default&#8220; column_element_spacing=&#8220;default&#8220; desktop_text_alignment=&#8220;default&#8220; tablet_text_alignment=&#8220;default&#8220; phone_text_alignment=&#8220;default&#8220; background_color_opacity=&#8220;1&#8243; background_hover_color_opacity=&#8220;1&#8243; column_backdrop_filter=&#8220;none&#8220; column_shadow=&#8220;none&#8220; column_border_radius=&#8220;none&#8220; column_link_target=&#8220;_self&#8220; column_position=&#8220;default&#8220; gradient_direction=&#8220;left_to_right&#8220; overlay_strength=&#8220;0.3&#8243; width=&#8220;1\/1&#8243; tablet_width_inherit=&#8220;default&#8220; animation_type=&#8220;default&#8220; bg_image_animation=&#8220;none&#8220; border_type=&#8220;simple&#8220; column_border_width=&#8220;1px&#8220; column_border_color=&#8220;#609bbb&#8220; column_border_style=&#8220;solid&#8220; enable_border_animation=&#8220;true&#8220;][split_line_heading animation_type=&#8220;line-reveal-by-space&#8220; font_style=&#8220;h2&#8243; line_reveal_by_space_text_effect=&#8220;default&#8220; content_alignment=&#8220;default&#8220; mobile_content_alignment=&#8220;inherit&#8220; link_target=&#8220;_self&#8220; text_content=&#8220;Vogenommene Eingriffe&#8220; text_direction=&#8220;default&#8220;]\n<h2>Vorgenommene Eingriffe<\/h2>\n[\/split_line_heading]<div class=\"nectar-fancy-ul\" data-list-icon=\"icon-salient-thin-line\" data-animation=\"false\" data-animation-delay=\"0\" data-color=\"extra-color-1\" data-spacing=\"default\" data-alignment=\"left\"> <u>\u00c4sthetische Brustchirurgie<\/u><\/p>\n<ul>\n<li>Brustvergr\u00f6\u00dferung (additive Mastoplastik)<\/li>\n<li>Brustverkleinerung (reduktive Mastoplastik)<\/li>\n<li>Bruststraffung (Mastopexie)<\/li>\n<li>Bruststraffung mit Implantaten<\/li>\n<li>Korrektur angeborener, erworbener oder tuber\u00f6ser Brustasymmetrien<\/li>\n<li>Korrektur invertierter Brustwarzen<\/li>\n<li>Revision von Voroperationen<\/li>\n<\/ul>\n<p><u>Rekonstruktive Brustchirurgie<\/u><\/p>\n<ul>\n<li>Unmittelbare Rekonstruktion mit Implantaten<\/li>\n<li>Rekonstruktion in zwei Schritten mit Expander und Implantat<\/li>\n<li>Fortgeschrittene onkoplastische Rekonstruktion<\/li>\n<li>Rekonstruktion von Warzenhof und Brustwarze<\/li>\n<li>Lipofilling der Brust<\/li>\n<\/ul>\n<p><u>Gesichtschirurgie<\/u><\/p>\n<ul>\n<li>Blepharoplastik (Lidkorrekturen)<\/li>\n<li>Facelift und Mini-Lifting<\/li>\n<li>Lipofilling im Gesicht<\/li>\n<li>Lippenlifting und \u00e4sthetische Lippenchirurgie<\/li>\n<li>Nasenkorrektur und Korrektur der Nasenscheidewand<\/li>\n<li>Ohrenkorrekturen<\/li>\n<\/ul>\n<p><u>\u00c4sthetische K\u00f6rperchirurgie<\/u><\/p>\n<ul>\n<li>Bauchdeckenstraffung und Mommy Makeover<\/li>\n<li>Fettabsaugung und Liposkulptur<\/li>\n<li>Arm- und Oberschenkelstraffung<\/li>\n<li>Ges\u00e4\u00dfplastik<\/li>\n<li>Schamlippenplastik und Lipofilling im Genitalbereich<\/li>\n<li>Gyn\u00e4komastie<\/li>\n<\/ul>\n <\/div>[\/vc_column][\/vc_row]\n","protected":false},"featured_media":0,"template":"","class_list":["post-1269","sp_chirurgiche","type-sp_chirurgiche","status-publish"],"acf":{"sottotitolo":"Mit modernsten Eingriffen der plastischen, rekonstruktiven und \u00e4sthetischen Chirurgie wirkt man auf die Form von Teilen unseres K\u00f6rpers ein oder rekonstruiert diese. Der Ansatz ist dabei stets ein individueller, der \u00c4sthetik, Funktionalit\u00e4t und Wohlbefinden vereint.","medici":[{"medico":3660},{"medico":4269},{"medico":377},{"medico":6119},{"medico":7007}],"titolo_cta":"Wollen Sie sich einem Eingriff unterziehen?","bottone_cta":"Holen Sie bei uns alle Informationen ein!","titolo_archivio":"Plastische, rekonstruktive und \u00e4sthetische Chirurgie","icona":"https:\/\/villa-santanna.eu\/wp-content\/uploads\/2019\/08\/31-chirurgia-plastica.svg","immagine_header":"https:\/\/villa-santanna.eu\/wp-content\/uploads\/2019\/07\/chirurgia-estetica-e-plastica.jpg"},"_links":{"self":[{"href":"https:\/\/villa-santanna.eu\/de\/wp-json\/wp\/v2\/sp_chirurgiche\/1269","targetHints":{"allow":["GET"]}}],"collection":[{"href":"https:\/\/villa-santanna.eu\/de\/wp-json\/wp\/v2\/sp_chirurgiche"}],"about":[{"href":"https:\/\/villa-santanna.eu\/de\/wp-json\/wp\/v2\/types\/sp_chirurgiche"}],"version-history":[{"count":7,"href":"https:\/\/villa-santanna.eu\/de\/wp-json\/wp\/v2\/sp_chirurgiche\/1269\/revisions"}],"predecessor-version":[{"id":7009,"href":"https:\/\/villa-santanna.eu\/de\/wp-json\/wp\/v2\/sp_chirurgiche\/1269\/revisions\/7009"}],"wp:attachment":[{"href":"https:\/\/villa-santanna.eu\/de\/wp-json\/wp\/v2\/media?parent=1269"}],"curies":[{"name":"wp","href":"https:\/\/api.w.org\/{rel}","templated":true}]}}

Plastische, rekonstruktive und ästhetische Chirurgie

[vc_row type=&#8220;in_container&#8220; full_screen_row_position=&#8220;middle&#8220; column_margin=&#8220;default&#8220; column_direction=&#8220;default&#8220; column_direction_tablet=&#8220;default&#8220; column_direction_phone=&#8220;default&#8220; scene_position=&#8220;center&#8220; top_padding=&#8220;5%&#8220; bottom_padding=&#8220;5%&#8220; text_color=&#8220;dark&#8220; text_align=&#8220;left&#8220; row_border_radius=&#8220;none&#8220; row_border_radius_applies=&#8220;bg&#8220; overflow=&#8220;visible&#8220; overlay_strength=&#8220;0.3&#8243; gradient_direction=&#8220;left_to_right&#8220; shape_divider_position=&#8220;bottom&#8220; bg_image_animation=&#8220;none&#8220; shape_type=&#8220;&#8220;][vc_column column_padding=&#8220;no-extra-padding&#8220; column_padding_tablet=&#8220;inherit&#8220; column_padding_phone=&#8220;inherit&#8220; column_padding_position=&#8220;all&#8220; column_element_direction_desktop=&#8220;default&#8220; column_element_spacing=&#8220;default&#8220; desktop_text_alignment=&#8220;default&#8220; tablet_text_alignment=&#8220;default&#8220; phone_text_alignment=&#8220;default&#8220; background_color_opacity=&#8220;1&#8243; background_hover_color_opacity=&#8220;1&#8243; column_backdrop_filter=&#8220;none&#8220; column_shadow=&#8220;none&#8220; column_border_radius=&#8220;none&#8220; column_link_target=&#8220;_self&#8220; column_position=&#8220;default&#8220; gradient_direction=&#8220;left_to_right&#8220; overlay_strength=&#8220;0.3&#8243; width=&#8220;1/1&#8243; tablet_width_inherit=&#8220;default&#8220; animation_type=&#8220;default&#8220; bg_image_animation=&#8220;none&#8220; border_type=&#8220;simple&#8220; column_border_width=&#8220;none&#8220; column_border_style=&#8220;solid&#8220;][vc_row_inner column_margin=&#8220;default&#8220; column_direction=&#8220;default&#8220; column_direction_tablet=&#8220;default&#8220; column_direction_phone=&#8220;default&#8220; text_align=&#8220;left&#8220; row_position=&#8220;default&#8220; row_position_tablet=&#8220;inherit&#8220; row_position_phone=&#8220;inherit&#8220; overflow=&#8220;visible&#8220; pointer_events=&#8220;all&#8220;][vc_column_inner column_padding=&#8220;no-extra-padding&#8220; column_padding_tablet=&#8220;inherit&#8220; column_padding_phone=&#8220;inherit&#8220; column_padding_position=&#8220;all&#8220; column_element_direction_desktop=&#8220;default&#8220; column_element_spacing=&#8220;default&#8220; desktop_text_alignment=&#8220;default&#8220; tablet_text_alignment=&#8220;default&#8220; phone_text_alignment=&#8220;default&#8220; background_color_opacity=&#8220;1&#8243; background_hover_color_opacity=&#8220;1&#8243; column_backdrop_filter=&#8220;none&#8220; column_shadow=&#8220;none&#8220; column_border_radius=&#8220;none&#8220; column_link_target=&#8220;_self&#8220; overflow=&#8220;visible&#8220; gradient_direction=&#8220;left_to_right&#8220; overlay_strength=&#8220;0.3&#8243; width=&#8220;2/5&#8243; tablet_width_inherit=&#8220;default&#8220; animation_type=&#8220;default&#8220; bg_image_animation=&#8220;none&#8220; border_type=&#8220;simple&#8220; column_border_width=&#8220;none&#8220; column_border_style=&#8220;solid&#8220;][vc_column_text css=&#8220;&#8220; text_direction=&#8220;default&#8220;]Nur wenn Körper und Seele im Einklang sind, wirkt sich dies positiv auf das Selbstwertgefühl aus. Und damit auf die Lebensqualität. Wer sich innerlich und äußerlich wohl fühlt, stellt sich den täglichen Herausforderungen mit neuer Energie. Die plastische Chirurgie und die ästhetische Medizin bieten heute eine großartige Unterstützung auf dem Weg zu mehr Selbstbewusstsein und Wohlbefinden, der moderne Menschen dazu bringt, ihre Einzigartigkeit zu unterstreichen. Das Fachärzteteam der Privatklinik St. Anna bringt umfassende Erfahrung an renommierten Kliniken mit und arbeitet mit hochmodernen, individuellen Techniken.[/vc_column_text][/vc_column_inner][vc_column_inner column_padding=&#8220;no-extra-padding&#8220; column_padding_tablet=&#8220;inherit&#8220; column_padding_phone=&#8220;inherit&#8220; column_padding_position=&#8220;all&#8220; column_element_direction_desktop=&#8220;default&#8220; column_element_spacing=&#8220;default&#8220; desktop_text_alignment=&#8220;default&#8220; tablet_text_alignment=&#8220;default&#8220; phone_text_alignment=&#8220;default&#8220; background_color_opacity=&#8220;1&#8243; background_hover_color_opacity=&#8220;1&#8243; column_backdrop_filter=&#8220;none&#8220; column_shadow=&#8220;none&#8220; column_border_radius=&#8220;none&#8220; column_link_target=&#8220;_self&#8220; overflow=&#8220;visible&#8220; gradient_direction=&#8220;left_to_right&#8220; overlay_strength=&#8220;0.3&#8243; width=&#8220;2/5&#8243; tablet_width_inherit=&#8220;default&#8220; animation_type=&#8220;default&#8220; bg_image_animation=&#8220;none&#8220; border_type=&#8220;simple&#8220; column_border_width=&#8220;none&#8220; column_border_style=&#8220;solid&#8220;][vc_column_text css=&#8220;&#8220; text_direction=&#8220;default&#8220;]Bei allem steht ein natürliches, nachhaltiges, den Erwartungen entsprechendes Ergebnis im Fokus. Jedem Eingriff gehen eine sorgfältige Abwägung und ein ausführliches Gespräch voraus, um die individuellen Bedürfnisse zu verstehen und einen sicheren Weg zu finden. Sich in der eigenen Haut wohlzufühlen ist kein Ideal, sondern ein Ziel. Mit Kompetenz, Engagement und Einfühlungsvermögen können wir Ihnen helfen, es zu erreichen. High-Tech und Know-how für Wohlbefinden und Harmonie: Im Chirurgiezentrum St. Anna vereint die plastische Chirurgie Ästhetik, Funktionalität und Sicherheit. Neben der Brust-, Gesichts- und Körperchirurgie wird auch der post-onkologischen rekonstruktiven Brustchirurgie besondere Aufmerksamkeit gewidmet.[/vc_column_text][/vc_column_inner][vc_column_inner column_padding=&#8220;no-extra-padding&#8220; column_padding_tablet=&#8220;inherit&#8220; column_padding_phone=&#8220;inherit&#8220; column_padding_position=&#8220;all&#8220; column_element_direction_desktop=&#8220;default&#8220; column_element_spacing=&#8220;default&#8220; desktop_text_alignment=&#8220;default&#8220; tablet_text_alignment=&#8220;default&#8220; phone_text_alignment=&#8220;default&#8220; background_color_opacity=&#8220;1&#8243; background_hover_color_opacity=&#8220;1&#8243; column_backdrop_filter=&#8220;none&#8220; column_shadow=&#8220;none&#8220; column_border_radius=&#8220;none&#8220; column_link_target=&#8220;_self&#8220; overflow=&#8220;visible&#8220; gradient_direction=&#8220;left_to_right&#8220; overlay_strength=&#8220;0.3&#8243; width=&#8220;1/5&#8243; tablet_width_inherit=&#8220;default&#8220; animation_type=&#8220;default&#8220; bg_image_animation=&#8220;none&#8220; border_type=&#8220;simple&#8220; column_border_width=&#8220;none&#8220; column_border_style=&#8220;solid&#8220;][/vc_column_inner][/vc_row_inner][/vc_column][/vc_row][vc_row type=&#8220;in_container&#8220; full_screen_row_position=&#8220;middle&#8220; column_margin=&#8220;default&#8220; column_direction=&#8220;default&#8220; column_direction_tablet=&#8220;default&#8220; column_direction_phone=&#8220;default&#8220; scene_position=&#8220;center&#8220; text_color=&#8220;dark&#8220; text_align=&#8220;left&#8220; row_border_radius=&#8220;none&#8220; row_border_radius_applies=&#8220;bg&#8220; overflow=&#8220;visible&#8220; overlay_strength=&#8220;0.3&#8243; gradient_direction=&#8220;left_to_right&#8220; shape_divider_position=&#8220;bottom&#8220; bg_image_animation=&#8220;none&#8220;][vc_column column_padding=&#8220;padding-5-percent&#8220; column_padding_tablet=&#8220;inherit&#8220; column_padding_phone=&#8220;inherit&#8220; column_padding_position=&#8220;all&#8220; column_element_direction_desktop=&#8220;default&#8220; column_element_spacing=&#8220;default&#8220; desktop_text_alignment=&#8220;default&#8220; tablet_text_alignment=&#8220;default&#8220; phone_text_alignment=&#8220;default&#8220; background_color_opacity=&#8220;1&#8243; background_hover_color_opacity=&#8220;1&#8243; column_backdrop_filter=&#8220;none&#8220; column_shadow=&#8220;none&#8220; column_border_radius=&#8220;none&#8220; column_link_target=&#8220;_self&#8220; column_position=&#8220;default&#8220; gradient_direction=&#8220;left_to_right&#8220; overlay_strength=&#8220;0.3&#8243; width=&#8220;1/1&#8243; tablet_width_inherit=&#8220;default&#8220; animation_type=&#8220;default&#8220; bg_image_animation=&#8220;none&#8220; border_type=&#8220;simple&#8220; column_border_width=&#8220;1px&#8220; column_border_color=&#8220;#609bbb&#8220; column_border_style=&#8220;solid&#8220; enable_border_animation=&#8220;true&#8220;][split_line_heading animation_type=&#8220;line-reveal-by-space&#8220; font_style=&#8220;h2&#8243; line_reveal_by_space_text_effect=&#8220;default&#8220; content_alignment=&#8220;default&#8220; mobile_content_alignment=&#8220;inherit&#8220; link_target=&#8220;_self&#8220; text_content=&#8220;Vogenommene Eingriffe&#8220; text_direction=&#8220;default&#8220;]
<h2>Vorgenommene Eingriffe</h2>
[/split_line_heading]<div class="nectar-fancy-ul" data-list-icon="icon-salient-thin-line" data-animation="false" data-animation-delay="0" data-color="extra-color-1" data-spacing="default" data-alignment="left"> <u>Ästhetische Brustchirurgie</u></p>
<ul>
<li>Brustvergrößerung (additive Mastoplastik)</li>
<li>Brustverkleinerung (reduktive Mastoplastik)</li>
<li>Bruststraffung (Mastopexie)</li>
<li>Bruststraffung mit Implantaten</li>
<li>Korrektur angeborener, erworbener oder tuberöser Brustasymmetrien</li>
<li>Korrektur invertierter Brustwarzen</li>
<li>Revision von Voroperationen</li>
</ul>
<p><u>Rekonstruktive Brustchirurgie</u></p>
<ul>
<li>Unmittelbare Rekonstruktion mit Implantaten</li>
<li>Rekonstruktion in zwei Schritten mit Expander und Implantat</li>
<li>Fortgeschrittene onkoplastische Rekonstruktion</li>
<li>Rekonstruktion von Warzenhof und Brustwarze</li>
<li>Lipofilling der Brust</li>
</ul>
<p><u>Gesichtschirurgie</u></p>
<ul>
<li>Blepharoplastik (Lidkorrekturen)</li>
<li>Facelift und Mini-Lifting</li>
<li>Lipofilling im Gesicht</li>
<li>Lippenlifting und ästhetische Lippenchirurgie</li>
<li>Nasenkorrektur und Korrektur der Nasenscheidewand</li>
<li>Ohrenkorrekturen</li>
</ul>
<p><u>Ästhetische Körperchirurgie</u></p>
<ul>
<li>Bauchdeckenstraffung und Mommy Makeover</li>
<li>Fettabsaugung und Liposkulptur</li>
<li>Arm- und Oberschenkelstraffung</li>
<li>Gesäßplastik</li>
<li>Schamlippenplastik und Lipofilling im Genitalbereich</li>
<li>Gynäkomastie</li>
</ul>
 </div>[/vc_column][/vc_row]

Mit modernsten Eingriffen der plastischen, rekonstruktiven und ästhetischen Chirurgie wirkt man auf die Form von Teilen unseres Körpers ein oder rekonstruiert diese. Der Ansatz ist dabei stets ein individueller, der Ästhetik, Funktionalität und Wohlbefinden vereint.
