{"id":7378,"date":"2026-03-04T15:08:32","date_gmt":"2026-03-04T14:08:32","guid":{"rendered":"https:\/\/villa-santanna.eu\/jobs\/medico-specialista-m-f-d-in-medicina-fisica-e-riabilitativa-geriatria-medicina-interna-con-contratto-di-lavoro-dipendente\/"},"modified":"2026-03-16T15:22:20","modified_gmt":"2026-03-16T14:22:20","slug":"facharzt-m-w-d-fuer-prm-geriatrie-innere-medizin-in-festanstellung-in-traditionsreicher-privatklinik-in-suedtirol","status":"publish","type":"awsm_job_openings","link":"https:\/\/villa-santanna.eu\/de\/jobs\/facharzt-m-w-d-fuer-prm-geriatrie-innere-medizin-in-festanstellung-in-traditionsreicher-privatklinik-in-suedtirol\/","title":{"rendered":"Facharzt (m\/w\/d) f\u00fcr PRM \/ Geriatrie \/ Innere Medizin in Festanstellung"},"content":{"rendered":"<p>Arbeiten, wo andere Urlaub machen \u2026<\/p>\n<p>Die <strong>Privatklinik St. Anna in Meran<\/strong> ist eine der traditionsreichsten und renommiertesten Kliniken in S\u00fcdtirol. Das Klinikgeb\u00e4ude steht in Obermais, dem gr\u00fcnen Villenviertel der alten Kurstadt Meran, und beherbergt eine spezialisierte <strong>Poliklinik<\/strong>, ein modernes <strong>Chirurgiezentrum<\/strong> und einen bestens ausgestatteten <strong>Reha-Abteilung<\/strong>.<\/p>\n<p>In der Klinik arbeiten mittlerweile <strong>mehr als 70 <\/strong>erfahrene, kompetente<strong> \u00c4rztinnen <\/strong>und<strong> \u00c4rzte<\/strong> aus Norditalien und aus den deutschsprachigen Nachbarl\u00e4ndern in \u00fcber 30 Fachambulanzen und einem guten Dutzend chirurgischen Bereichen.<\/p>\n<p>Auch die Patientinnen und Patienten der Privatklinik St. Anna stammen aus dem gesamten norditalienischen Raum, dazu kommen solche aus Deutschland, \u00d6sterreich und der Schweiz, die in Meran leben oder hier ihren Urlaub verbringen.<\/p>\n<p>F\u00fcr ihre Abteilung f\u00fcr station\u00e4ren Aufenthalt (postakute Reha, internistische Versorgung) sucht die Privatklinik St. Anna in Meran einen<\/p>\n<p><strong>Facharzt (m\/w\/d) aus den Bereichen Physikalische und Rehabilitationsmedizin (PRM), Geriatrie oder Innere Medizin.<\/strong><\/p>\n<h3>Was erwartet Sie in Meran?<\/h3>\n<ul>\n<li>Festanstellung im privaten Gesundheitswesen in der Abteilung f\u00fcr station\u00e4ren Aufenthalt mit auf Landesebene geregelten Zusatzanreizen im Rahmen der betrieblichen Vereinbarung<\/li>\n<li>Mit Freizeit und Hobbys vereinbare Arbeitszeit von 30 bis 36 Std.\/Woche f\u00fcr den station\u00e4ren Dienst. Ambulante T\u00e4tigkeiten werden freiwillig und zus\u00e4tzlich verg\u00fctet, sofern au\u00dferhalb dieser Stunden.<\/li>\n<li>Team: Enge Zusammenarbeit mit einem \u00fcberaus erfahrenen Kollegen, der seit \u00fcber 25 Jahren im Haus arbeitet<\/li>\n<li>Setting: postakute Patient\/innen mit rehabilitativem, internistischem und intermedi\u00e4rem Versorgungsbedarf; klare Prozesse, multiprofessionelles Team<\/li>\n<li>Traditionsreiche, renommierte, mittelgro\u00dfe Privatklinik, die stetig w\u00e4chst<\/li>\n<li>Ein mit modernster Medizintechnik bestens ausgestattetes Umfeld<\/li>\n<li>Direkter Draht zur Klinikleitung, die sich pers\u00f6nlich um Anliegen der \u00c4rztinnen und \u00c4rzte in der Klinik k\u00fcmmert<\/li>\n<li>Eine Stadt, die nicht nur aufgrund ihres Klimas und ihrer Landschaft eines der beliebtesten Urlaubsziele in den Alpen ist<\/li>\n<li>Logistische und organisatorische Unterst\u00fctzung bei der \u00dcbersiedlung nach Meran<\/li>\n<li>Zweisprachiges (deutsch\/italienisch) Umfeld und mehrheitlich deutschsprachige Klientel<\/li>\n<\/ul>\n<h3>Welche Aufgaben \u00fcbernehmen Sie?<\/h3>\n<ul>\n<li>Sie werden Teil des Teams der Abteilung f\u00fcr station\u00e4ren Aufenthalt (Rehabilitation, internistische Komorbidit\u00e4ten, \u00dcbergangs-\/Intermedi\u00e4rpflege).<\/li>\n<li>Visiten, Anordnungen, interdisziplin\u00e4re Fallsteuerung, Entlassungsmanagement (inkl. Reha-\/Hilfsmittelplanung)<\/li>\n<li>Qualit\u00e4t &amp; Sicherheit: evidenzbasierte Standards, strukturierte Dokumentation, kollegiale Zusammenarbeit<\/li>\n<\/ul>\n<h3>Was erwarten wir von Ihnen?<\/h3>\n<ul>\n<li>Facharzttitel in PRM, Geriatrie oder Innerer Medizin (EU-Anerkennung)<\/li>\n<li>Erfahrung mit postakuten\/geriatrisch-internistischen Patient\/innen und interdisziplin\u00e4ren Teams<\/li>\n<li>Sehr gutes Deutsch; Italienisch von Vorteil (Onboarding-Support vorhanden)<\/li>\n<li>Effizienz in der Abwicklung der allt\u00e4glichen Arbeit<\/li>\n<li>Empathie und Patientenorientierung<\/li>\n<\/ul>\n<h3>Wenn Sie dort arbeiten wollen, wo andere Urlaub machen, melden Sie sich bei uns!<\/h3>\n<p><strong>Kontakt<\/strong><br \/>\nLeitung der Privatklinik St. Anna<br \/>\n<a href=\"mailto:direzione@villa-santanna.eu\">direzione@villa-santanna.eu<\/a><br \/>\nTel. +39 338 698 2196<\/p>\n<p>Weitere Informationen: <a href=\"http:\/\/www.villa-santanna.eu\">www.villa-santanna.eu<\/a><\/p>\n<p>&nbsp;<\/p>\n","protected":false},"excerpt":{"rendered":"<p>Arbeiten, wo andere Urlaub machen \u2026 Die Privatklinik St. Anna in Meran ist eine der traditionsreichsten und renommiertesten Kliniken in S\u00fcdtirol. Das Klinikgeb\u00e4ude steht in Obermais, dem gr\u00fcnen Villenviertel der alten Kurstadt&#8230;<\/p>\n","protected":false},"author":8,"template":"","meta":{"_acf_changed":false},"class_list":["post-7378","awsm_job_openings","type-awsm_job_openings","status-publish"],"acf":[],"_links":{"self":[{"href":"https:\/\/villa-santanna.eu\/de\/wp-json\/wp\/v2\/awsm_job_openings\/7378","targetHints":{"allow":["GET"]}}],"collection":[{"href":"https:\/\/villa-santanna.eu\/de\/wp-json\/wp\/v2\/awsm_job_openings"}],"about":[{"href":"https:\/\/villa-santanna.eu\/de\/wp-json\/wp\/v2\/types\/awsm_job_openings"}],"author":[{"embeddable":true,"href":"https:\/\/villa-santanna.eu\/de\/wp-json\/wp\/v2\/users\/8"}],"wp:attachment":[{"href":"https:\/\/villa-santanna.eu\/de\/wp-json\/wp\/v2\/media?parent=7378"}],"curies":[{"name":"wp","href":"https:\/\/api.w.org\/{rel}","templated":true}]}}

Facharzt (m/w/d) für PRM / Geriatrie / Innere Medizin in Festanstellung

<p>Arbeiten, wo andere Urlaub machen …</p>
<p>Die <strong>Privatklinik St. Anna in Meran</strong> ist eine der traditionsreichsten und renommiertesten Kliniken in Südtirol. Das Klinikgebäude steht in Obermais, dem grünen Villenviertel der alten Kurstadt Meran, und beherbergt eine spezialisierte <strong>Poliklinik</strong>, ein modernes <strong>Chirurgiezentrum</strong> und einen bestens ausgestatteten <strong>Reha-Abteilung</strong>.</p>
<p>In der Klinik arbeiten mittlerweile <strong>mehr als 70 </strong>erfahrene, kompetente<strong> Ärztinnen </strong>und<strong> Ärzte</strong> aus Norditalien und aus den deutschsprachigen Nachbarländern in über 30 Fachambulanzen und einem guten Dutzend chirurgischen Bereichen.</p>
<p>Auch die Patientinnen und Patienten der Privatklinik St. Anna stammen aus dem gesamten norditalienischen Raum, dazu kommen solche aus Deutschland, Österreich und der Schweiz, die in Meran leben oder hier ihren Urlaub verbringen.</p>
<p>Für ihre Abteilung für stationären Aufenthalt (postakute Reha, internistische Versorgung) sucht die Privatklinik St. Anna in Meran einen</p>
<p><strong>Facharzt (m/w/d) aus den Bereichen Physikalische und Rehabilitationsmedizin (PRM), Geriatrie oder Innere Medizin.</strong></p>
<h3>Was erwartet Sie in Meran?</h3>
<ul>
<li>Festanstellung im privaten Gesundheitswesen in der Abteilung für stationären Aufenthalt mit auf Landesebene geregelten Zusatzanreizen im Rahmen der betrieblichen Vereinbarung</li>
<li>Mit Freizeit und Hobbys vereinbare Arbeitszeit von 30 bis 36 Std./Woche für den stationären Dienst. Ambulante Tätigkeiten werden freiwillig und zusätzlich vergütet, sofern außerhalb dieser Stunden.</li>
<li>Team: Enge Zusammenarbeit mit einem überaus erfahrenen Kollegen, der seit über 25 Jahren im Haus arbeitet</li>
<li>Setting: postakute Patient/innen mit rehabilitativem, internistischem und intermediärem Versorgungsbedarf; klare Prozesse, multiprofessionelles Team</li>
<li>Traditionsreiche, renommierte, mittelgroße Privatklinik, die stetig wächst</li>
<li>Ein mit modernster Medizintechnik bestens ausgestattetes Umfeld</li>
<li>Direkter Draht zur Klinikleitung, die sich persönlich um Anliegen der Ärztinnen und Ärzte in der Klinik kümmert</li>
<li>Eine Stadt, die nicht nur aufgrund ihres Klimas und ihrer Landschaft eines der beliebtesten Urlaubsziele in den Alpen ist</li>
<li>Logistische und organisatorische Unterstützung bei der Übersiedlung nach Meran</li>
<li>Zweisprachiges (deutsch/italienisch) Umfeld und mehrheitlich deutschsprachige Klientel</li>
</ul>
<h3>Welche Aufgaben übernehmen Sie?</h3>
<ul>
<li>Sie werden Teil des Teams der Abteilung für stationären Aufenthalt (Rehabilitation, internistische Komorbiditäten, Übergangs-/Intermediärpflege).</li>
<li>Visiten, Anordnungen, interdisziplinäre Fallsteuerung, Entlassungsmanagement (inkl. Reha-/Hilfsmittelplanung)</li>
<li>Qualität &amp; Sicherheit: evidenzbasierte Standards, strukturierte Dokumentation, kollegiale Zusammenarbeit</li>
</ul>
<h3>Was erwarten wir von Ihnen?</h3>
<ul>
<li>Facharzttitel in PRM, Geriatrie oder Innerer Medizin (EU-Anerkennung)</li>
<li>Erfahrung mit postakuten/geriatrisch-internistischen Patient/innen und interdisziplinären Teams</li>
<li>Sehr gutes Deutsch; Italienisch von Vorteil (Onboarding-Support vorhanden)</li>
<li>Effizienz in der Abwicklung der alltäglichen Arbeit</li>
<li>Empathie und Patientenorientierung</li>
</ul>
<h3>Wenn Sie dort arbeiten wollen, wo andere Urlaub machen, melden Sie sich bei uns!</h3>
<p><strong>Kontakt</strong><br />
Leitung der Privatklinik St. Anna<br />
<a href="mailto:direzione@villa-santanna.eu">direzione@villa-santanna.eu</a><br />
Tel. +39 338 698 2196</p>
<p>Weitere Informationen: <a href="http://www.villa-santanna.eu">www.villa-santanna.eu</a></p>
<p>&nbsp;</p>

<p>Arbeiten, wo andere Urlaub machen … Die Privatklinik St. Anna in Meran ist eine der traditionsreichsten und renommiertesten Kliniken in Südtirol. Das Klinikgebäude steht in Obermais, dem grünen Villenviertel der alten Kurstadt&#8230;</p>
